{"id":21,"date":"2022-04-18T11:04:41","date_gmt":"2022-04-18T10:04:41","guid":{"rendered":"https:\/\/www.d-minecare.com\/fra\/stages-and-treatment-options\/"},"modified":"2023-05-15T16:05:03","modified_gmt":"2023-05-15T15:05:03","slug":"evolution-et-options-de-traitement","status":"publish","type":"page","link":"https:\/\/www.d-minecare.com\/fra\/evolution-et-options-de-traitement\/","title":{"rendered":"Evolution de la maladie"},"content":{"rendered":"\n<div class=\"wp-block-theme-cover alignfull is-full-wide-cover\"><div class=\"wp-block-theme-cover__background lazyload\" style=\"background-image:inherit;background-position:57.99999999999999% 28.000000000000004%\" data-bg-image=\"url(https:\/\/www.d-minecare.com\/wp-content\/uploads\/2022\/05\/Bilder_web_header_stages_1920x900px-1024x480.jpg)\"><img decoding=\"async\" data-src=\"https:\/\/www.d-minecare.com\/wp-content\/uploads\/2022\/05\/Bilder_web_header_stages_1920x900px-1024x480.jpg\" style=\"--smush-placeholder-width: 1024px; --smush-placeholder-aspect-ratio: 1024\/480;object-position:57.99999999999999% 28.000000000000004%\" src=\"data:image\/svg+xml;base64,PHN2ZyB3aWR0aD0iMSIgaGVpZ2h0PSIxIiB4bWxucz0iaHR0cDovL3d3dy53My5vcmcvMjAwMC9zdmciPjwvc3ZnPg==\" class=\"lazyload\" \/><\/div><\/div>\n\n\n\n<div class=\"wp-block-theme-section alignfull\"><div class=\"wp-block-theme-section__content\">\n<h2 class=\"wp-block-heading is-style-main-title\">Evolution de la maladie de Parkinson<\/h2>\n\n\n\n<p>Les stades de la maladie de Parkinson sont corr\u00e9l\u00e9s \u00e0 l\u2019intensit\u00e9 de l\u2019alt\u00e9ration des mouvements et l\u2019importance de l\u2019incidence sur la vie quotidienne. Les \u00e9chelles les plus couramment utilis\u00e9es se basent sur les sympt\u00f4mes moteurs. De nouvelles \u00e9chelles incluent maintenant des informations sur les sympt\u00f4mes non moteurs comme les probl\u00e8mes cognitifs ou l&#8217;odorat. <\/p>\n\n\n\n<p>L&#8217;\u00e9chelle de Hoehn et Yahr classe les sympt\u00f4mes sur une \u00e9chelle de 1 \u00e0 5 : 1 et 2 repr\u00e9sentent le stade pr\u00e9coce, 2 et 3 le stade interm\u00e9diaire et 4 et 5 le stade avanc\u00e9 de la maladie de Parkinson.<\/p>\n\n\n\n<p>Une autre \u00e9chelle couramment utilis\u00e9e pour \u00e9valuer la progression de la maladie de Parkinson est l&#8217; \u00abUnited Parkinson&#8217;s Disease Rating Scale\u00bb (UPDRS). Elle \u00e9value les sympt\u00f4mes moteurs. L&#8217;UPDRS tient \u00e9galement compte des difficult\u00e9s cognitives, de la capacit\u00e9 \u00e0 mener des activit\u00e9s quotidiennes et des complications du traitement.<\/p>\n\n\n\n<p>Vous pouvez trouver plus d&#8217;informations sur les diff\u00e9rentes \u00e9chelles de notation sur:<br><a href=\"https:\/\/www.ePda.eu.com\/about-parkinsons\/symptoms\/rating-scales\/\" target=\"_blank\" rel=\"noreferrer noopener\">https:\/\/www.ePda.eu.com\/about-parkinsons\/symptoms\/rating-scales\/<\/a><\/p>\n\n\n\n<h2 class=\"wp-block-heading is-style-section-title has-gray-base-color has-text-color\">MALADIE DE PARKINSON L\u00c9G\u00c8RE<\/h2>\n\n\n\n<p>L\u2019alt\u00e9ration des mouvements peut \u00eatre g\u00eanante, mais elle n&#8217;affecte pas les activit\u00e9s quotidiennes.<\/p>\n\n\n\n<h2 class=\"wp-block-heading is-style-section-title has-gray-base-color has-text-color\">MALADIE DE PARKINSON MOD\u00c9R\u00c9E<\/h2>\n\n\n\n<p>L\u2019alt\u00e9ration des mouvements se produit des deux c\u00f4t\u00e9s du corps et les mouvements sont plus lents. Des probl\u00e8mes d&#8217;\u00e9quilibre et de coordination peuvent se d\u00e9velopper. Les mouvements peuvent se bloquer ; on parle alors d\u2019\u00e9pisodes de \u00abfreezing\u00bb. Les sympt\u00f4mes peuvent r\u00e9appara\u00eetre rapidement et de fa\u00e7on inattendue. On peut comparer ces p\u00e9riodes \u00e0 un interrupteur de lumi\u00e8re que l\u2019on allume et \u00e9teint (syndrome \u00abon \/ off\u00bb ). Les effets des traitements de la maladie Parkinson ont tendance \u00e0 se dissiper entre chaque prise (effet Wearing off).<\/p>\n\n\n\n<figure class=\"wp-block-image size-full is-resized\"><img decoding=\"async\" data-src=\"https:\/\/www.d-minecare.com\/fra\/wp-content\/uploads\/sites\/3\/2023\/03\/MP-moderee-pro-et-public-1-1.jpg\" alt=\"\" class=\"wp-image-996 lazyload\" width=\"1775\" height=\"997\" data-srcset=\"https:\/\/www.d-minecare.com\/fra\/wp-content\/uploads\/sites\/3\/2023\/03\/MP-moderee-pro-et-public-1-1.jpg 1775w, https:\/\/www.d-minecare.com\/fra\/wp-content\/uploads\/sites\/3\/2023\/03\/MP-moderee-pro-et-public-1-1-300x169.jpg 300w, https:\/\/www.d-minecare.com\/fra\/wp-content\/uploads\/sites\/3\/2023\/03\/MP-moderee-pro-et-public-1-1-1024x575.jpg 1024w, https:\/\/www.d-minecare.com\/fra\/wp-content\/uploads\/sites\/3\/2023\/03\/MP-moderee-pro-et-public-1-1-768x431.jpg 768w, https:\/\/www.d-minecare.com\/fra\/wp-content\/uploads\/sites\/3\/2023\/03\/MP-moderee-pro-et-public-1-1-1536x863.jpg 1536w\" data-sizes=\"(max-width: 1775px) 100vw, 1775px\" src=\"data:image\/svg+xml;base64,PHN2ZyB3aWR0aD0iMSIgaGVpZ2h0PSIxIiB4bWxucz0iaHR0cDovL3d3dy53My5vcmcvMjAwMC9zdmciPjwvc3ZnPg==\" style=\"--smush-placeholder-width: 1775px; --smush-placeholder-aspect-ratio: 1775\/997;\" \/><figcaption class=\"wp-element-caption\"><strong><mark class=\"has-inline-color has-gray-base-color\">ILLUSTRATION : EVER Pharma<\/mark><\/strong><\/figcaption><\/figure>\n<\/div><\/div>\n\n\n\n<h2 class=\"wp-block-heading is-style-section-title has-gray-base-color has-text-color\">MALADIE DE PARKINSON AVANC\u00c9E<\/h2>\n\n\n\n<p>Ce stade se traduit par des difficult\u00e9s \u00e0 se lever ou marcher. Les patients ne sont souvent plus en mesure de vivre seuls et une assistance est n\u00e9cessaire pour toutes les activit\u00e9s quotidiennes.<br>Si les traitements oraux ne parviennent pas \u00e0 contr\u00f4ler les fluctuations motrices, d&#8217;autres options de traitement pouvant accompagner les patients dans la gestion de leurs fluctuations sont \u00e0 envisager, comme la stimulation c\u00e9r\u00e9brale profonde, le <a href=\"https:\/\/www.d-minecare.com\/fra\/gamme-d-mine\/perfusion-continue\/\">traitement par perfusion continue<\/a> ou l\u2019administration ent\u00e9rale.<\/p>\n\n\n\n<div class=\"wp-block-theme-section alignfull has-brand-background-color has-background has-brand-background-color has-background\"><div class=\"wp-block-theme-section__content\">\n<h2 class=\"wp-block-heading is-style-main-title has-white-color has-text-color\" id=\"options-de-traitement\"><span style=\"text-decoration: underline\">Options de traitement<\/span><\/h2>\n\n\n\n<div class=\"wp-block-group is-style-icon-group is-layout-flow wp-block-group-is-layout-flow\">\n<p class=\"has-white-color has-text-color\">A ce jour, il n\u2019existe pas de traitement curatif de la maladie de Parkinson. Alors que les traitements de la maladie de Parkinson sont en constante am\u00e9lioration, les chercheurs n&#8217;ont pas encore r\u00e9ussi \u00e0 trouver de moyens de pr\u00e9venir ou gu\u00e9rir cette maladie. L&#8217;efficacit\u00e9 des traitements varie d&#8217;un individu \u00e0 l&#8217;autre. Pour tous les stades de la maladie de Parkinson, les traitements disponibles vont aider \u00e0 soulager les sympt\u00f4mes qui peuvent \u00eatre efficacement contr\u00f4l\u00e9s, en utilisant souvent une combinaison des \u00e9l\u00e9ments suivants :<\/p>\n\n\n\n<div class=\"wp-block-columns is-layout-flex wp-container-core-columns-is-layout-9d6595d7 wp-block-columns-is-layout-flex\">\n<div class=\"wp-block-column is-layout-flow wp-block-column-is-layout-flow\">\n<figure class=\"wp-block-image size-large is-resized is-style-icon\"><img decoding=\"async\" data-src=\"https:\/\/www.d-minecare.com\/wp-content\/uploads\/2022\/06\/medication.svg\" alt=\"\" class=\"wp-image-2691 lazyload\" width=\"95\" height=\"116\" src=\"data:image\/svg+xml;base64,PHN2ZyB3aWR0aD0iMSIgaGVpZ2h0PSIxIiB4bWxucz0iaHR0cDovL3d3dy53My5vcmcvMjAwMC9zdmciPjwvc3ZnPg==\" style=\"--smush-placeholder-width: 95px; --smush-placeholder-aspect-ratio: 95\/116;\" \/><\/figure>\n\n\n\n<h4 class=\"wp-block-heading has-text-align-center\">Traitements<br>m\u00e9dicamenteux<br><sup><sub>(g\u00e9n\u00e9ralement par voie orale)<\/sub><\/sup><\/h4>\n\n\n\n<p class=\"has-text-align-center has-sm-font-size\">visent \u00e0 palier le manque de dopamine soit en<\/p>\n\n\n\n<p class=\"has-text-align-left has-sm-font-size\">\u2192 mimant l&#8217;action de la dopamine<br>\u2192 administrant une substance qui sera transform\u00e9e en dopamine<br>\u2192 donnant une substance qui bloque la d\u00e9gradation de la dopamine<\/p>\n<\/div>\n\n\n\n<div class=\"wp-block-column is-layout-flow wp-block-column-is-layout-flow\">\n<figure class=\"wp-block-image aligncenter size-large is-resized is-style-icon\"><img decoding=\"async\" data-src=\"https:\/\/www.d-minecare.com\/wp-content\/uploads\/2022\/06\/target.svg\" alt=\"\" class=\"wp-image-2694 lazyload\" width=\"122\" height=\"119\" src=\"data:image\/svg+xml;base64,PHN2ZyB3aWR0aD0iMSIgaGVpZ2h0PSIxIiB4bWxucz0iaHR0cDovL3d3dy53My5vcmcvMjAwMC9zdmciPjwvc3ZnPg==\" style=\"--smush-placeholder-width: 122px; --smush-placeholder-aspect-ratio: 122\/119;\" \/><\/figure>\n\n\n\n<h4 class=\"wp-block-heading has-text-align-center\">M\u00e9decines conventionnelles<\/h4>\n\n\n\n<p class=\"has-text-align-center has-sm-font-size\"><br>telles que la kin\u00e9sith\u00e9rapie,  l&#8217;ergoth\u00e9rapie, l&#8217;orthophonie<\/p>\n<\/div>\n\n\n\n<div class=\"wp-block-column is-layout-flow wp-block-column-is-layout-flow\">\n<figure class=\"wp-block-image size-large is-resized is-style-icon\"><img decoding=\"async\" data-src=\"https:\/\/www.d-minecare.com\/wp-content\/uploads\/2022\/06\/natural.svg\" alt=\"\" class=\"wp-image-2696 lazyload\" width=\"109\" height=\"110\" src=\"data:image\/svg+xml;base64,PHN2ZyB3aWR0aD0iMSIgaGVpZ2h0PSIxIiB4bWxucz0iaHR0cDovL3d3dy53My5vcmcvMjAwMC9zdmciPjwvc3ZnPg==\" style=\"--smush-placeholder-width: 109px; --smush-placeholder-aspect-ratio: 109\/110;\" \/><\/figure>\n\n\n\n<div class=\"wp-block-group is-layout-constrained wp-block-group-is-layout-constrained\">\n<h4 class=\"wp-block-heading has-text-align-center\">Th\u00e9rapies compl\u00e9mentaires<\/h4>\n\n\n\n<p class=\"has-text-align-center has-sm-font-size\"><br>comme l&#8217;aromath\u00e9rapie, la r\u00e9flexologie, le yoga et le Tai Chi<\/p>\n<\/div>\n<\/div>\n\n\n\n<div class=\"wp-block-column is-layout-flow wp-block-column-is-layout-flow\">\n<figure class=\"wp-block-image aligncenter size-large is-style-icon\"><img decoding=\"async\" data-src=\"https:\/\/www.d-minecare.com\/wp-content\/uploads\/2022\/06\/surgical.svg\" alt=\"\" class=\"wp-image-2698 lazyload\" src=\"data:image\/svg+xml;base64,PHN2ZyB3aWR0aD0iMSIgaGVpZ2h0PSIxIiB4bWxucz0iaHR0cDovL3d3dy53My5vcmcvMjAwMC9zdmciPjwvc3ZnPg==\" \/><\/figure>\n\n\n\n<h4 class=\"wp-block-heading has-text-align-center\">Traitement chirurgical<\/h4>\n\n\n\n<p class=\"has-text-align-center has-sm-font-size\"><br>la stimulation c\u00e9r\u00e9brale profonde via l\u2019implantation d\u2019\u00e9lectrodes dans le cerveau<\/p>\n<\/div>\n<\/div>\n\n\n\n<p class=\"has-white-color has-text-color has-sm-font-size\">SOURCE : France Parkinson. https:\/\/www.franceparkinson.fr\/la-maladie\/traitements\/<sup>8<\/sup><\/p>\n\n\n\n<p class=\"has-white-color has-text-color\">Il n&#8217;existe pas de traitement unique et optimal car la pathologie affecte chaque individu diff\u00e9remment. Vous devrez travailler avec votre neurologue pour trouver le bon \u00e9quilibre des traitements, sp\u00e9cifiquement pour chaque sympt\u00f4me. Des examens r\u00e9guliers seront n\u00e9cessaires et des ajustements seront apport\u00e9s \u00e0 mesure que les sympt\u00f4mes changeront.<\/p>\n\n\n\n<p class=\"has-white-color has-text-color\">Dans le cas de la maladie de Parkinson, certains aliments, par exemple les prot\u00e9ines, peuvent affecter l&#8217;absorption des m\u00e9dicaments oraux. Il est donc important de maintenir une alimentation \u00e9quilibr\u00e9e et choisir des aliments poss\u00e9dant des effets neuroprotecteur et anti-inflammatoire.<\/p>\n<\/div>\n<\/div><\/div>\n\n\n\n<div style=\"height:100px\" aria-hidden=\"true\" class=\"wp-block-spacer\"><\/div>\n\n\n\n<div class=\"wp-block-theme-section alignfull has-gray-light-background-color has-background has-gray-light-background-color has-background\"><div class=\"wp-block-theme-section__content\">\n<div class=\"wp-block-columns is-style-default is-layout-flex wp-container-core-columns-is-layout-e95a7ca1 wp-block-columns-is-layout-flex\" style=\"padding-top:2rem;padding-bottom:2rem\">\n<div class=\"wp-block-column is-style-default is-layout-flow wp-block-column-is-layout-flow\">\n<div class=\"wp-block-group is-style-card has-gray-base-color has-gray-light-background-color has-text-color has-background is-vertical is-layout-flex wp-container-core-group-is-layout-8cf370e7 wp-block-group-is-layout-flex\">\n<figure class=\"wp-block-image size-full is-style-card-image\"><img decoding=\"async\" data-src=\"https:\/\/www.d-minecare.com\/wp-content\/uploads\/2022\/05\/Bilder_web_teasaer_dminecareconcept_570x338px.jpg\" alt=\"\" class=\"wp-image-1372 lazyload\" src=\"data:image\/svg+xml;base64,PHN2ZyB3aWR0aD0iMSIgaGVpZ2h0PSIxIiB4bWxucz0iaHR0cDovL3d3dy53My5vcmcvMjAwMC9zdmciPjwvc3ZnPg==\" \/><\/figure>\n\n\n\n<div class=\"wp-block-group is-layout-flow wp-block-group-is-layout-flow\">\n<h2 class=\"wp-block-heading is-style-card-title-orange has-brand-color has-text-color\">Gamme <span class=\"whitespace-nowrap\">D-<em>mine<\/em><sup>\u00ae<\/sup><\/span><\/h2>\n\n\n\n<p>Nos dispositifs m\u00e9dicaux et traitements m\u00e9dicamenteux con\u00e7us pour les patients atteints de la maladies de Parkinson au stade avanc\u00e9<\/p>\n\n\n\n<div class=\"wp-block-buttons is-layout-flex wp-block-buttons-is-layout-flex\">\n<div class=\"wp-block-button is-style-underline\"><a class=\"wp-block-button__link wp-element-button\" href=\"https:\/\/www.d-minecare.com\/fra\/gamme-d-mine\/\">EN SAVOIR PLUS<\/a><\/div>\n<\/div>\n<\/div>\n<\/div>\n<\/div>\n<\/div>\n<\/div><\/div>\n\n\n\n<div style=\"height:100px\" aria-hidden=\"true\" class=\"wp-block-spacer\"><\/div>\n\n\n\n<div class=\"wp-block-theme-section alignfull\"><div class=\"wp-block-theme-section__content\">\n<p class=\"has-brand-color has-text-color has-xs-font-size\"><strong>SOURCES<\/strong><\/p>\n\n\n\n<p class=\"has-xs-font-size\"><sup>8<\/sup>France Parkinson. Quels traitements pour soigner la maladie de Parkinson? https:\/\/www.franceparkinson.fr\/la-maladie\/traitements\/. Consult\u00e9 le 18 avril 2023.<\/p>\n<\/div><\/div>\n","protected":false},"excerpt":{"rendered":"<p>MALADIE DE PARKINSON AVANC\u00c9E Ce stade se traduit par des difficult\u00e9s \u00e0 se lever ou marcher. Les patients ne sont souvent plus en mesure de vivre seuls et une assistance est n\u00e9cessaire pour toutes les activit\u00e9s quotidiennes.Si les traitements oraux ne parviennent pas \u00e0 contr\u00f4ler les fluctuations motrices, d&#8217;autres options de traitement pouvant accompagner les [&hellip;]<\/p>\n","protected":false},"author":13,"featured_media":0,"parent":0,"menu_order":13,"comment_status":"open","ping_status":"closed","template":"","meta":{"_acf_changed":false,"footnotes":""},"class_list":["post-21","page","type-page","status-publish","hentry"],"acf":[],"yoast_head":"<!-- This site is optimized with the Yoast SEO plugin v27.4 - https:\/\/yoast.com\/product\/yoast-seo-wordpress\/ -->\n<title>Evolution de la maladie - D-Mine\u00ae Care France<\/title>\n<meta name=\"description\" content=\"Stages and treatment options of the Parkinson&#039;s disease. Inform yourself about mild, moderate and advanced Parkinson&#039;s disease.\" \/>\n<meta name=\"robots\" content=\"index, follow, max-snippet:-1, max-image-preview:large, max-video-preview:-1\" \/>\n<link rel=\"canonical\" href=\"https:\/\/www.d-minecare.com\/fra\/evolution-et-options-de-traitement\/\" \/>\n<meta property=\"og:locale\" content=\"fr_FR\" \/>\n<meta property=\"og:type\" content=\"article\" \/>\n<meta property=\"og:title\" content=\"Evolution de la maladie - D-Mine\u00ae Care France\" \/>\n<meta property=\"og:description\" content=\"Stages and treatment options of the Parkinson&#039;s disease. Inform yourself about mild, moderate and advanced Parkinson&#039;s disease.\" \/>\n<meta property=\"og:url\" content=\"https:\/\/www.d-minecare.com\/fra\/evolution-et-options-de-traitement\/\" \/>\n<meta property=\"og:site_name\" content=\"D-Mine\u00ae Care France\" \/>\n<meta property=\"article:modified_time\" content=\"2023-05-15T15:05:03+00:00\" \/>\n<meta property=\"og:image\" content=\"https:\/\/www.d-minecare.com\/wp-content\/uploads\/2022\/05\/Bilder_web_header_stages_1920x900px-1024x480.jpg\" \/>\n<meta name=\"twitter:card\" content=\"summary_large_image\" \/>\n<meta name=\"twitter:label1\" content=\"Dur\u00e9e de lecture estim\u00e9e\" \/>\n\t<meta name=\"twitter:data1\" content=\"4 minutes\" \/>\n<script type=\"application\/ld+json\" class=\"yoast-schema-graph\">{\"@context\":\"https:\\\/\\\/schema.org\",\"@graph\":[{\"@type\":\"WebPage\",\"@id\":\"https:\\\/\\\/www.d-minecare.com\\\/fra\\\/evolution-et-options-de-traitement\\\/\",\"url\":\"https:\\\/\\\/www.d-minecare.com\\\/fra\\\/evolution-et-options-de-traitement\\\/\",\"name\":\"Evolution de la maladie - D-Mine\u00ae Care France\",\"isPartOf\":{\"@id\":\"https:\\\/\\\/www.d-minecare.com\\\/fra\\\/#website\"},\"primaryImageOfPage\":{\"@id\":\"https:\\\/\\\/www.d-minecare.com\\\/fra\\\/evolution-et-options-de-traitement\\\/#primaryimage\"},\"image\":{\"@id\":\"https:\\\/\\\/www.d-minecare.com\\\/fra\\\/evolution-et-options-de-traitement\\\/#primaryimage\"},\"thumbnailUrl\":\"https:\\\/\\\/www.d-minecare.com\\\/wp-content\\\/uploads\\\/2022\\\/05\\\/Bilder_web_header_stages_1920x900px-1024x480.jpg\",\"datePublished\":\"2022-04-18T10:04:41+00:00\",\"dateModified\":\"2023-05-15T15:05:03+00:00\",\"description\":\"Stages and treatment options of the Parkinson's disease. Inform yourself about mild, moderate and advanced Parkinson's disease.\",\"breadcrumb\":{\"@id\":\"https:\\\/\\\/www.d-minecare.com\\\/fra\\\/evolution-et-options-de-traitement\\\/#breadcrumb\"},\"inLanguage\":\"fr-FR\",\"potentialAction\":[{\"@type\":\"ReadAction\",\"target\":[\"https:\\\/\\\/www.d-minecare.com\\\/fra\\\/evolution-et-options-de-traitement\\\/\"]}]},{\"@type\":\"ImageObject\",\"inLanguage\":\"fr-FR\",\"@id\":\"https:\\\/\\\/www.d-minecare.com\\\/fra\\\/evolution-et-options-de-traitement\\\/#primaryimage\",\"url\":\"https:\\\/\\\/www.d-minecare.com\\\/wp-content\\\/uploads\\\/2022\\\/05\\\/Bilder_web_header_stages_1920x900px-1024x480.jpg\",\"contentUrl\":\"https:\\\/\\\/www.d-minecare.com\\\/wp-content\\\/uploads\\\/2022\\\/05\\\/Bilder_web_header_stages_1920x900px-1024x480.jpg\"},{\"@type\":\"BreadcrumbList\",\"@id\":\"https:\\\/\\\/www.d-minecare.com\\\/fra\\\/evolution-et-options-de-traitement\\\/#breadcrumb\",\"itemListElement\":[{\"@type\":\"ListItem\",\"position\":1,\"name\":\"Home\",\"item\":\"https:\\\/\\\/www.d-minecare.com\\\/fra\\\/\"},{\"@type\":\"ListItem\",\"position\":2,\"name\":\"Evolution de la maladie\"}]},{\"@type\":\"WebSite\",\"@id\":\"https:\\\/\\\/www.d-minecare.com\\\/fra\\\/#website\",\"url\":\"https:\\\/\\\/www.d-minecare.com\\\/fra\\\/\",\"name\":\"D-Mine\u00ae Care France\",\"description\":\"\",\"potentialAction\":[{\"@type\":\"SearchAction\",\"target\":{\"@type\":\"EntryPoint\",\"urlTemplate\":\"https:\\\/\\\/www.d-minecare.com\\\/fra\\\/?s={search_term_string}\"},\"query-input\":{\"@type\":\"PropertyValueSpecification\",\"valueRequired\":true,\"valueName\":\"search_term_string\"}}],\"inLanguage\":\"fr-FR\"}]}<\/script>\n<!-- \/ Yoast SEO plugin. -->","yoast_head_json":{"title":"Evolution de la maladie - D-Mine\u00ae Care France","description":"Stages and treatment options of the Parkinson's disease. Inform yourself about mild, moderate and advanced Parkinson's disease.","robots":{"index":"index","follow":"follow","max-snippet":"max-snippet:-1","max-image-preview":"max-image-preview:large","max-video-preview":"max-video-preview:-1"},"canonical":"https:\/\/www.d-minecare.com\/fra\/evolution-et-options-de-traitement\/","og_locale":"fr_FR","og_type":"article","og_title":"Evolution de la maladie - D-Mine\u00ae Care France","og_description":"Stages and treatment options of the Parkinson's disease. Inform yourself about mild, moderate and advanced Parkinson's disease.","og_url":"https:\/\/www.d-minecare.com\/fra\/evolution-et-options-de-traitement\/","og_site_name":"D-Mine\u00ae Care France","article_modified_time":"2023-05-15T15:05:03+00:00","og_image":[{"url":"https:\/\/www.d-minecare.com\/wp-content\/uploads\/2022\/05\/Bilder_web_header_stages_1920x900px-1024x480.jpg","type":"","width":"","height":""}],"twitter_card":"summary_large_image","twitter_misc":{"Dur\u00e9e de lecture estim\u00e9e":"4 minutes"},"schema":{"@context":"https:\/\/schema.org","@graph":[{"@type":"WebPage","@id":"https:\/\/www.d-minecare.com\/fra\/evolution-et-options-de-traitement\/","url":"https:\/\/www.d-minecare.com\/fra\/evolution-et-options-de-traitement\/","name":"Evolution de la maladie - D-Mine\u00ae Care France","isPartOf":{"@id":"https:\/\/www.d-minecare.com\/fra\/#website"},"primaryImageOfPage":{"@id":"https:\/\/www.d-minecare.com\/fra\/evolution-et-options-de-traitement\/#primaryimage"},"image":{"@id":"https:\/\/www.d-minecare.com\/fra\/evolution-et-options-de-traitement\/#primaryimage"},"thumbnailUrl":"https:\/\/www.d-minecare.com\/wp-content\/uploads\/2022\/05\/Bilder_web_header_stages_1920x900px-1024x480.jpg","datePublished":"2022-04-18T10:04:41+00:00","dateModified":"2023-05-15T15:05:03+00:00","description":"Stages and treatment options of the Parkinson's disease. Inform yourself about mild, moderate and advanced Parkinson's disease.","breadcrumb":{"@id":"https:\/\/www.d-minecare.com\/fra\/evolution-et-options-de-traitement\/#breadcrumb"},"inLanguage":"fr-FR","potentialAction":[{"@type":"ReadAction","target":["https:\/\/www.d-minecare.com\/fra\/evolution-et-options-de-traitement\/"]}]},{"@type":"ImageObject","inLanguage":"fr-FR","@id":"https:\/\/www.d-minecare.com\/fra\/evolution-et-options-de-traitement\/#primaryimage","url":"https:\/\/www.d-minecare.com\/wp-content\/uploads\/2022\/05\/Bilder_web_header_stages_1920x900px-1024x480.jpg","contentUrl":"https:\/\/www.d-minecare.com\/wp-content\/uploads\/2022\/05\/Bilder_web_header_stages_1920x900px-1024x480.jpg"},{"@type":"BreadcrumbList","@id":"https:\/\/www.d-minecare.com\/fra\/evolution-et-options-de-traitement\/#breadcrumb","itemListElement":[{"@type":"ListItem","position":1,"name":"Home","item":"https:\/\/www.d-minecare.com\/fra\/"},{"@type":"ListItem","position":2,"name":"Evolution de la maladie"}]},{"@type":"WebSite","@id":"https:\/\/www.d-minecare.com\/fra\/#website","url":"https:\/\/www.d-minecare.com\/fra\/","name":"D-Mine\u00ae Care France","description":"","potentialAction":[{"@type":"SearchAction","target":{"@type":"EntryPoint","urlTemplate":"https:\/\/www.d-minecare.com\/fra\/?s={search_term_string}"},"query-input":{"@type":"PropertyValueSpecification","valueRequired":true,"valueName":"search_term_string"}}],"inLanguage":"fr-FR"}]}},"_links":{"self":[{"href":"https:\/\/www.d-minecare.com\/fra\/wp-json\/wp\/v2\/pages\/21","targetHints":{"allow":["GET"]}}],"collection":[{"href":"https:\/\/www.d-minecare.com\/fra\/wp-json\/wp\/v2\/pages"}],"about":[{"href":"https:\/\/www.d-minecare.com\/fra\/wp-json\/wp\/v2\/types\/page"}],"author":[{"embeddable":true,"href":"https:\/\/www.d-minecare.com\/fra\/wp-json\/wp\/v2\/users\/13"}],"replies":[{"embeddable":true,"href":"https:\/\/www.d-minecare.com\/fra\/wp-json\/wp\/v2\/comments?post=21"}],"version-history":[{"count":59,"href":"https:\/\/www.d-minecare.com\/fra\/wp-json\/wp\/v2\/pages\/21\/revisions"}],"predecessor-version":[{"id":3173,"href":"https:\/\/www.d-minecare.com\/fra\/wp-json\/wp\/v2\/pages\/21\/revisions\/3173"}],"wp:attachment":[{"href":"https:\/\/www.d-minecare.com\/fra\/wp-json\/wp\/v2\/media?parent=21"}],"curies":[{"name":"wp","href":"https:\/\/api.w.org\/{rel}","templated":true}]}}