{"id":32,"date":"2022-05-19T12:20:55","date_gmt":"2022-05-19T11:20:55","guid":{"rendered":"https:\/\/www.d-minecare.com\/fra\/imprint-and-privacy-policy\/"},"modified":"2025-06-10T13:01:26","modified_gmt":"2025-06-10T12:01:26","slug":"mentions-legales","status":"publish","type":"page","link":"https:\/\/www.d-minecare.com\/fra\/mentions-legales\/","title":{"rendered":"Mentions l\u00e9gales, Exclusion de responsabilit\u00e9 et Confidentialit\u00e9 des donn\u00e9es"},"content":{"rendered":"\n<div class=\"wp-block-theme-section alignfull\"><div class=\"wp-block-theme-section__content\">\n<h2 class=\"wp-block-heading is-style-main-title\">Mentions l\u00e9gales, Exclusion de responsabilit\u00e9 et Confidentialit\u00e9 des donn\u00e9es<\/h2>\n\n\n\n<p>Le site <a href=\"http:\/\/www.d-minecare.com\">www.d-minecare.com<\/a> vous est propos\u00e9 par :<\/p>\n\n\n\n<p>EVER Neuro Pharma GmbH<br>Oberburgau 3<br>4866 Unterach, Austriche<\/p>\n\n\n\n<p><br>T\u00e9l\u00e9phone : +43 7665 20555 0<br>E-mail : <a href=\"mailto:of****@********ma.com\" data-original-string=\"xQkNOg6doZeLbjIMRRkNcQ==cfburg4d0fO4NR15G9b5qH2xPJW5iuZwVAvoFstN\/xyx6g=\" title=\"This contact has been encoded by Anti-Spam by CleanTalk. Click to decode. To finish the decoding make sure that JavaScript is enabled in your browser.\"><span \n                data-original-string='q4n+\/y4nk2TE945UtXhHeA==cfbqobjsL3b7LNUv0rwzmle19\/pkmARMD0lt6ZC8JljkkI='\n                class='apbct-email-encoder'\n                title='This contact has been encoded by Anti-Spam by CleanTalk. Click to decode. To finish the decoding make sure that JavaScript is enabled in your browser.'>of<span class=\"apbct-blur\">****<\/span>@<span class=\"apbct-blur\">********<\/span>ma.com<\/span><\/a><\/p>\n\n\n\n<p><br>N\u00b0 TVA : ATU 64474508<br>Inscription au registre du commerce : FN 316993 t<br>Tribunal d\u2019enregistrement : Tribunal du district de Salzbourg<br>Autorit\u00e9 faisant foi conform\u00e9ment \u00e0 la loi sur le commerce \u00e9lectronique : Autorit\u00e9 gouvernementale locale de Salzbourg<br>EVER Neuro Pharma GmbH est membre de la chambre de commerce autrichienne.<br>EVER Pharma, <span class=\"whitespace-nowrap\">Dopaceptin<sup>\u00ae<\/sup><\/span> et le logo <span class=\"whitespace-nowrap\">D-<em>mine<\/em><sup>\u00ae<\/sup><\/span> sont des marques d\u00e9pos\u00e9es d&#8217;EVER Neuro Pharma GmbH.<\/p>\n\n\n\n<p>Cr\u00e9dits photos :<br>Shutterstock, Adobe Stock<\/p>\n\n\n\n<p>R\u00e9vision m\u00e9dicale par le conseiller m\u00e9dical, version DAC\/INT\/07\/2022\/18<\/p>\n\n\n\n<h2 class=\"wp-block-heading is-style-section-title has-gray-base-color has-text-color\" id=\"exclusion-de-responsabilite\">Exclusion de responsabilit\u00e9<\/h2>\n\n\n\n<p>EVER Pharma Holding met tout en \u0153uvre afin que les informations mises \u00e0 disposition sur ce site web soient correctes et compl\u00e8tes. Elle d\u00e9cline&nbsp;toutefois toute garantie et responsabilit\u00e9 de quelque nature que ce soit quant \u00e0 l\u2019exactitude, l\u2019exhaustivit\u00e9 ou la mise \u00e0 jour des informations mises \u00e0&nbsp;disposition sur ce site, y compris les entr\u00e9es de bases de donn\u00e9es.<\/p>\n\n\n\n<p>EVER Pharma Holding se r\u00e9serve le droit, \u00e0 tout moment et sans pr\u00e9avis, de modifier les informations sur ce site. Elle n\u2019est pas non plus oblig\u00e9e de&nbsp;mettre \u00e0 jour les informations mises \u00e0 disposition. EVER Pharma Holding n\u2019est pas responsable de l\u2019exactitude et de la mise \u00e0 jour des contenus des sites&nbsp;vers lesquels ce site renvoie.<\/p>\n\n\n\n<p>En aucun cas, EVER Pharma Holding ne peut \u00eatre tenue pour responsable des dommages pouvant survenir par l\u2019utilisation, les contenus ou la&nbsp;disponibilit\u00e9 du pr\u00e9sent site web, de la documentation, des services ou des informations sur ce site web, et ce ind\u00e9pendamment du fait que les&nbsp;dommages soient directs, indirects ou de nature financi\u00e8re ou qu\u2019il s\u2019agisse d\u2019un dommage cons\u00e9cutif ou autre survenant suite \u00e0 la perte de donn\u00e9es, la&nbsp;perte d\u2019usage ou d\u2019autres raisons.<\/p>\n\n\n\n<h2 class=\"wp-block-heading is-style-section-title has-gray-base-color has-text-color\" id=\"confidentialite-des-donnees\">Protection des donn\u00e9es \u00e0 caract\u00e8re personnel et respect de la vie priv\u00e9e<\/h2>\n\n\n\n<p><strong>Informations \u00e0 fournir en vertu de l&#8217;article 13 du r\u00e8glement g\u00e9n\u00e9ral de l&#8217;UE sur la protection des donn\u00e9es (RGPD)<\/strong><\/p>\n\n\n\n<p>Lorsque vous acc\u00e9dez \u00e0 nos sites web, les donn\u00e9es d&#8217;acc\u00e8s (date, heure, page consult\u00e9e, volume de donn\u00e9es, adresse IP de l&#8217;ordinateur qui acc\u00e8de au site web (sous forme anonyme)) sont stock\u00e9es sous forme de fichiers journaux sur notre serveur. Ces donn\u00e9es sont collect\u00e9es, sur la base l\u00e9gale de l&#8217;int\u00e9r\u00eat l\u00e9gitime, afin d\u2019assurer le bon fonctionnement et d\u2019optimiser nos sites web. Ces donn\u00e9es sont analys\u00e9es par nos soins uniquement \u00e0 des fins statistiques, de mani\u00e8re anonymis\u00e9e.<\/p>\n\n\n\n<p>Le traitement de ces donn\u00e9es est effectu\u00e9 au nom d&#8217;EVER Pharma avec la responsabilit\u00e9 conjointe des autres soci\u00e9t\u00e9s du groupe EVER. Vous trouverez <a href=\"https:\/\/www.everpharma.com\/imprint\/\">ici<\/a> nos coordonn\u00e9s. Notre responsable de la protection des donn\u00e9es peut \u00eatre contact\u00e9 \u00e0 l&#8217;adresse suivante : contacted at <a href=\"linkTo_UnCryptMailto('rfnqyt\/iutEjajwumfwrf3htr');\"><span \n                data-original-string='zXxF4Nzf+4qCtECefivGOw==cfbU4cvFTbtjtvMV81UH1fLPhwsvy09OvnWgAiekKQtkdM='\n                class='apbct-email-encoder'\n                title='This contact has been encoded by Anti-Spam by CleanTalk. Click to decode. To finish the decoding make sure that JavaScript is enabled in your browser.'>dp<span class=\"apbct-blur\">*<\/span>@<span class=\"apbct-blur\">********<\/span>ma.com<\/span><\/a>.<\/p>\n\n\n\n<p>En r\u00e8gle g\u00e9n\u00e9rale, vos donn\u00e9es ne seront pas partag\u00e9es avec des tiers, \u00e0 l&#8217;exception des sous-traitants qui travaillent uniquement sur les instructions d&#8217;EVER, qui n&#8217;utilisent pas les donn\u00e9es \u00e0 leurs propres fins et qui sont li\u00e9s par des accords s\u00e9par\u00e9s pour se conformer aux obligations de protection des donn\u00e9es \u00e9nonc\u00e9es dans le r\u00e8glement g\u00e9n\u00e9ral sur la protection des donn\u00e9es.<\/p>\n\n\n\n<p>Vous avez le droit d&#8217;acc\u00e9der aux donn\u00e9es, le droit de rectification et d&#8217;effacement des donn\u00e9es, le droit de restreindre le traitement des donn\u00e9es, le droit de vous opposer au traitement des donn\u00e9es et le droit de d\u00e9poser une plainte aupr\u00e8s d&#8217;une autorit\u00e9 de contr\u00f4le.<\/p>\n\n\n\n<p><strong>Informations sur l&#8217;utilisation des cookies et l&#8217;analyse des sites web :<\/strong><\/p>\n\n\n\n<p>Nous utilisons le logiciel d&#8217;analyse Matomo pour analyser l&#8217;utilisation de notre site web. Les cookies techniquement n\u00e9cessaires sont stock\u00e9s sur votre appareil. Les donn\u00e9es ne seront pas transmises \u00e0 des tiers, ni utilis\u00e9es \u00e0 d&#8217;autres fins. Le traitement des donn\u00e9es a lieu dans notre int\u00e9r\u00eat l\u00e9gitime et a pour but d\u2019am\u00e9liorer notre site web.<\/p>\n\n\n\n<p>Les cookies suivants sont d\u00e9finis :<\/p>\n\n\n\n<p>&#8211;&nbsp;&nbsp; &nbsp;pk_id\u2026 .: pour reconna\u00eetre votre appareil lorsque vous visitez \u00e0 nouveau le site web (p\u00e9riode de stockage de 13 mois) <br>&#8211;&nbsp;&nbsp; &nbsp;pk_sess\u2026: pour reconna\u00eetre votre appareil lors de votre visite actuelle sur notre site web (dur\u00e9e de stockage 30 minutes) <\/p>\n\n\n\n<p>L&#8217;analyse de ces donn\u00e9es peut nous fournir des informations pr\u00e9cieuses sur les besoins des utilisateurs. Ces informations contribuent \u00e0 am\u00e9liorer \u00e9galement la qualit\u00e9 du site web.<\/p>\n\n\n\n<p>Nous utilisons le logiciel d&#8217;analyse Matomo pour analyser l&#8217;utilisation de notre site web et optimiser le contenu pour les utilisateurs. Des cookies sont stock\u00e9s sur votre appareil afin que nous puissions reconna\u00eetre les pages de notre site web que vous avez consult\u00e9 et vous reconna\u00eetre lors de votre prochaine visite.<\/p>\n\n\n\n<p>Matomo a \u00e9t\u00e9 configur\u00e9 de mani\u00e8re \u00e0 ce que toutes les informations qui permettraient une r\u00e9f\u00e9rence personnelle et qui sont transmises pour des raisons techniques (adresse IP) soient imm\u00e9diatement supprim\u00e9es.<\/p>\n\n\n\n<p>Le traitement des donn\u00e9es, sur la base l\u00e9gale de notre int\u00e9r\u00eat l\u00e9gitime, nous permet d\u2019optimiser notre site web. Vous pouvez vous opposer au traitement en cliquant <strong>ici <\/strong>:<\/p>\n\n\n\n<iframe data-src=\"https:\/\/everpharma.matomo.cloud\/index.php?module=CoreAdminHome&amp;action=optOut&amp;language=fr&amp;backgroundColor=&amp;fontColor=868786&amp;fontSize=&amp;fontFamily=Inter,sans-serif\" src=\"data:image\/svg+xml;base64,PHN2ZyB3aWR0aD0iMSIgaGVpZ2h0PSIxIiB4bWxucz0iaHR0cDovL3d3dy53My5vcmcvMjAwMC9zdmciPjwvc3ZnPg==\" class=\"lazyload\" data-load-mode=\"1\"><\/iframe>\n\n\n\n<p>Les donn\u00e9es relatives \u00e0 votre visite sur le site web seront supprim\u00e9es au bout de 24 mois.<\/p>\n\n\n\n<p>Vos donn\u00e9es ne seront pas partag\u00e9es avec des tiers. Toutefois, le traitement est effectu\u00e9 pour notre compte par un prestataire de services (Innocraft Ltd.). Les donn\u00e9es sont \u00e9galement transmises en dehors de l&#8217;Union europ\u00e9enne. Innocraft Ltd. est une soci\u00e9t\u00e9 enregistr\u00e9e en Nouvelle-Z\u00e9lande. La Commission europ\u00e9enne a d\u00e9clar\u00e9 dans une d\u00e9cision que le traitement en Nouvelle-Z\u00e9lande est soumis \u00e0 un niveau de protection des donn\u00e9es comparable \u00e0 celui de l&#8217;UE (<a href=\"https:\/\/eur-lex.europa.eu\/legal-content\/EN\/ALL\/?uri=CELEX%3A32013D0065\" target=\"_blank\" rel=\"noreferrer noopener\">document C (2012) 9557<\/a>). Cela signifie que l&#8217;exportation de donn\u00e9es vers la Nouvelle-Z\u00e9lande n&#8217;a pas en plus \u00e0 \u00eatre approuv\u00e9e, conform\u00e9ment \u00e0 l&#8217;article 45 du RGPD. Dans un accord conclu en vertu de l&#8217;art. 28 du RGPD, Innocraft s&#8217;est engag\u00e9 \u00e0 ne pas utiliser les donn\u00e9es pour ses propres besoins et \u00e0 respecter \u00e9galement les autres dispositions du r\u00e8glement g\u00e9n\u00e9ral sur la protection des donn\u00e9es.<\/p>\n\n\n\n<p>Connectez-vous avec DocCheck :<\/p>\n\n\n\n<p>La v\u00e9rification de la connexion est assur\u00e9e par &#8220;DocCheck&#8221; (DocCheck Medical Services GmbH, Vogelsanger Stra\u00dfe 66, 50823 K\u00f6ln, Allemagne). Le processus de connexion est effectu\u00e9 uniquement par &#8220;DocCheck&#8221;. EVER ne recueille et ne traite aucune donn\u00e9e personnelle que vous lui fournissez au cours de la proc\u00e9dure de connexion. Ainsi, il n&#8217;existe aucun transfert de donn\u00e9es entre DocCheck et EVER. Lors de l&#8217;utilisation de DocCheck, des cookies de connexion sont d\u00e9finis par le syst\u00e8me DocCheck. Veuillez consulter le site <a href=\"http:\/\/info.doccheck.com\/de\/privacy\/\">info.doccheck.com\/de\/privacy\/<\/a> pour plus de d\u00e9tails. <\/p>\n\n\n\n<p><strong>Autres cookies:<\/strong><\/p>\n\n\n\n<p>Lorsque vous utilisez ce site web, des cookies individuels seront install\u00e9s sur votre appareil pour contr\u00f4ler l&#8217;affichage du contenu, en particulier le choix de la langue. Ces cookies sont donc strictement n\u00e9cessaires au fonctionnement du site web.<\/p>\n<\/div><\/div>\n","protected":false},"excerpt":{"rendered":"","protected":false},"author":13,"featured_media":0,"parent":0,"menu_order":11,"comment_status":"closed","ping_status":"closed","template":"","meta":{"_acf_changed":false,"footnotes":""},"class_list":["post-32","page","type-page","status-publish","hentry"],"acf":[],"yoast_head":"<!-- This site is optimized with the Yoast SEO plugin v27.4 - https:\/\/yoast.com\/product\/yoast-seo-wordpress\/ -->\n<title>Mentions l\u00e9gales, Exclusion de responsabilit\u00e9 et Confidentialit\u00e9 des donn\u00e9es - D-Mine\u00ae Care France<\/title>\n<meta name=\"description\" content=\"Information about EVER Neuro Pharma GmbH. Read more about privacy and cookie policy and as well about our social media netiquette.\" \/>\n<meta name=\"robots\" content=\"index, follow, max-snippet:-1, max-image-preview:large, max-video-preview:-1\" \/>\n<link rel=\"canonical\" href=\"https:\/\/www.d-minecare.com\/fra\/mentions-legales\/\" \/>\n<meta property=\"og:locale\" content=\"fr_FR\" \/>\n<meta property=\"og:type\" content=\"article\" \/>\n<meta property=\"og:title\" content=\"Mentions l\u00e9gales, Exclusion de responsabilit\u00e9 et Confidentialit\u00e9 des donn\u00e9es - D-Mine\u00ae Care France\" \/>\n<meta property=\"og:description\" content=\"Information about EVER Neuro Pharma GmbH. Read more about privacy and cookie policy and as well about our social media netiquette.\" \/>\n<meta property=\"og:url\" content=\"https:\/\/www.d-minecare.com\/fra\/mentions-legales\/\" \/>\n<meta property=\"og:site_name\" content=\"D-Mine\u00ae Care France\" \/>\n<meta property=\"article:modified_time\" content=\"2025-06-10T12:01:26+00:00\" \/>\n<meta name=\"twitter:card\" content=\"summary_large_image\" \/>\n<meta name=\"twitter:label1\" content=\"Dur\u00e9e de lecture estim\u00e9e\" \/>\n\t<meta name=\"twitter:data1\" content=\"5 minutes\" \/>\n<script type=\"application\/ld+json\" class=\"yoast-schema-graph\">{\"@context\":\"https:\\\/\\\/schema.org\",\"@graph\":[{\"@type\":\"WebPage\",\"@id\":\"https:\\\/\\\/www.d-minecare.com\\\/fra\\\/mentions-legales\\\/\",\"url\":\"https:\\\/\\\/www.d-minecare.com\\\/fra\\\/mentions-legales\\\/\",\"name\":\"Mentions l\u00e9gales, Exclusion de responsabilit\u00e9 et Confidentialit\u00e9 des donn\u00e9es - D-Mine\u00ae Care France\",\"isPartOf\":{\"@id\":\"https:\\\/\\\/www.d-minecare.com\\\/fra\\\/#website\"},\"datePublished\":\"2022-05-19T11:20:55+00:00\",\"dateModified\":\"2025-06-10T12:01:26+00:00\",\"description\":\"Information about EVER Neuro Pharma GmbH. Read more about privacy and cookie policy and as well about our social media netiquette.\",\"breadcrumb\":{\"@id\":\"https:\\\/\\\/www.d-minecare.com\\\/fra\\\/mentions-legales\\\/#breadcrumb\"},\"inLanguage\":\"fr-FR\",\"potentialAction\":[{\"@type\":\"ReadAction\",\"target\":[\"https:\\\/\\\/www.d-minecare.com\\\/fra\\\/mentions-legales\\\/\"]}]},{\"@type\":\"BreadcrumbList\",\"@id\":\"https:\\\/\\\/www.d-minecare.com\\\/fra\\\/mentions-legales\\\/#breadcrumb\",\"itemListElement\":[{\"@type\":\"ListItem\",\"position\":1,\"name\":\"Home\",\"item\":\"https:\\\/\\\/www.d-minecare.com\\\/fra\\\/\"},{\"@type\":\"ListItem\",\"position\":2,\"name\":\"Mentions l\u00e9gales, Exclusion de responsabilit\u00e9 et Confidentialit\u00e9 des donn\u00e9es\"}]},{\"@type\":\"WebSite\",\"@id\":\"https:\\\/\\\/www.d-minecare.com\\\/fra\\\/#website\",\"url\":\"https:\\\/\\\/www.d-minecare.com\\\/fra\\\/\",\"name\":\"D-Mine\u00ae Care France\",\"description\":\"\",\"potentialAction\":[{\"@type\":\"SearchAction\",\"target\":{\"@type\":\"EntryPoint\",\"urlTemplate\":\"https:\\\/\\\/www.d-minecare.com\\\/fra\\\/?s={search_term_string}\"},\"query-input\":{\"@type\":\"PropertyValueSpecification\",\"valueRequired\":true,\"valueName\":\"search_term_string\"}}],\"inLanguage\":\"fr-FR\"}]}<\/script>\n<!-- \/ Yoast SEO plugin. -->","yoast_head_json":{"title":"Mentions l\u00e9gales, Exclusion de responsabilit\u00e9 et Confidentialit\u00e9 des donn\u00e9es - D-Mine\u00ae Care France","description":"Information about EVER Neuro Pharma GmbH. Read more about privacy and cookie policy and as well about our social media netiquette.","robots":{"index":"index","follow":"follow","max-snippet":"max-snippet:-1","max-image-preview":"max-image-preview:large","max-video-preview":"max-video-preview:-1"},"canonical":"https:\/\/www.d-minecare.com\/fra\/mentions-legales\/","og_locale":"fr_FR","og_type":"article","og_title":"Mentions l\u00e9gales, Exclusion de responsabilit\u00e9 et Confidentialit\u00e9 des donn\u00e9es - D-Mine\u00ae Care France","og_description":"Information about EVER Neuro Pharma GmbH. Read more about privacy and cookie policy and as well about our social media netiquette.","og_url":"https:\/\/www.d-minecare.com\/fra\/mentions-legales\/","og_site_name":"D-Mine\u00ae Care France","article_modified_time":"2025-06-10T12:01:26+00:00","twitter_card":"summary_large_image","twitter_misc":{"Dur\u00e9e de lecture estim\u00e9e":"5 minutes"},"schema":{"@context":"https:\/\/schema.org","@graph":[{"@type":"WebPage","@id":"https:\/\/www.d-minecare.com\/fra\/mentions-legales\/","url":"https:\/\/www.d-minecare.com\/fra\/mentions-legales\/","name":"Mentions l\u00e9gales, Exclusion de responsabilit\u00e9 et Confidentialit\u00e9 des donn\u00e9es - D-Mine\u00ae Care France","isPartOf":{"@id":"https:\/\/www.d-minecare.com\/fra\/#website"},"datePublished":"2022-05-19T11:20:55+00:00","dateModified":"2025-06-10T12:01:26+00:00","description":"Information about EVER Neuro Pharma GmbH. Read more about privacy and cookie policy and as well about our social media netiquette.","breadcrumb":{"@id":"https:\/\/www.d-minecare.com\/fra\/mentions-legales\/#breadcrumb"},"inLanguage":"fr-FR","potentialAction":[{"@type":"ReadAction","target":["https:\/\/www.d-minecare.com\/fra\/mentions-legales\/"]}]},{"@type":"BreadcrumbList","@id":"https:\/\/www.d-minecare.com\/fra\/mentions-legales\/#breadcrumb","itemListElement":[{"@type":"ListItem","position":1,"name":"Home","item":"https:\/\/www.d-minecare.com\/fra\/"},{"@type":"ListItem","position":2,"name":"Mentions l\u00e9gales, Exclusion de responsabilit\u00e9 et Confidentialit\u00e9 des donn\u00e9es"}]},{"@type":"WebSite","@id":"https:\/\/www.d-minecare.com\/fra\/#website","url":"https:\/\/www.d-minecare.com\/fra\/","name":"D-Mine\u00ae Care France","description":"","potentialAction":[{"@type":"SearchAction","target":{"@type":"EntryPoint","urlTemplate":"https:\/\/www.d-minecare.com\/fra\/?s={search_term_string}"},"query-input":{"@type":"PropertyValueSpecification","valueRequired":true,"valueName":"search_term_string"}}],"inLanguage":"fr-FR"}]}},"_links":{"self":[{"href":"https:\/\/www.d-minecare.com\/fra\/wp-json\/wp\/v2\/pages\/32","targetHints":{"allow":["GET"]}}],"collection":[{"href":"https:\/\/www.d-minecare.com\/fra\/wp-json\/wp\/v2\/pages"}],"about":[{"href":"https:\/\/www.d-minecare.com\/fra\/wp-json\/wp\/v2\/types\/page"}],"author":[{"embeddable":true,"href":"https:\/\/www.d-minecare.com\/fra\/wp-json\/wp\/v2\/users\/13"}],"replies":[{"embeddable":true,"href":"https:\/\/www.d-minecare.com\/fra\/wp-json\/wp\/v2\/comments?post=32"}],"version-history":[{"count":25,"href":"https:\/\/www.d-minecare.com\/fra\/wp-json\/wp\/v2\/pages\/32\/revisions"}],"predecessor-version":[{"id":3236,"href":"https:\/\/www.d-minecare.com\/fra\/wp-json\/wp\/v2\/pages\/32\/revisions\/3236"}],"wp:attachment":[{"href":"https:\/\/www.d-minecare.com\/fra\/wp-json\/wp\/v2\/media?parent=32"}],"curies":[{"name":"wp","href":"https:\/\/api.w.org\/{rel}","templated":true}]}}